[INFO] cloning repository https://github.com/zrneely/onitama
[INFO] running `Command { std: "git" "-c" "credential.helper=" "-c" "credential.helper=/workspace/cargo-home/bin/git-credential-null" "clone" "--bare" "https://github.com/zrneely/onitama" "/workspace/cache/git-repos/https%3A%2F%2Fgithub.com%2Fzrneely%2Fonitama", kill_on_drop: false }`
[INFO] [stderr] Cloning into bare repository '/workspace/cache/git-repos/https%3A%2F%2Fgithub.com%2Fzrneely%2Fonitama'...
[INFO] running `Command { std: "git" "rev-parse" "HEAD", kill_on_drop: false }`
[INFO] [stdout] b5933f8740612be54cfd0751fc5fca09b1ebc112
[INFO] checking zrneely/onitama against master#cfbc6d4cf1acbac5c025acf8ed68929caa551df3 for pr-75494-beta
[INFO] running `Command { std: "git" "clone" "/workspace/cache/git-repos/https%3A%2F%2Fgithub.com%2Fzrneely%2Fonitama" "/workspace/builds/worker-2/source", kill_on_drop: false }`
[INFO] [stderr] Cloning into '/workspace/builds/worker-2/source'...
[INFO] [stderr] done.
[INFO] validating manifest of git repo https://github.com/zrneely/onitama on toolchain cfbc6d4cf1acbac5c025acf8ed68929caa551df3
[INFO] running `Command { std: "/workspace/cargo-home/bin/cargo" "+cfbc6d4cf1acbac5c025acf8ed68929caa551df3" "read-manifest" "--manifest-path" "Cargo.toml", kill_on_drop: false }`
[INFO] started tweaking git repo https://github.com/zrneely/onitama
[INFO] removed path dependency wamp_async from git repo https://github.com/zrneely/onitama
[INFO] finished tweaking git repo https://github.com/zrneely/onitama
[INFO] tweaked toml for git repo https://github.com/zrneely/onitama written to /workspace/builds/worker-2/source/Cargo.toml
[INFO] crate git repo https://github.com/zrneely/onitama already has a lockfile, it will not be regenerated
[INFO] running `Command { std: "/workspace/cargo-home/bin/cargo" "+cfbc6d4cf1acbac5c025acf8ed68929caa551df3" "fetch" "--locked" "--manifest-path" "Cargo.toml", kill_on_drop: false }`
[INFO] [stderr] warning: dependency (wamp_async) specified without providing a local path, Git repository, or version to use. This will be considered an error in future versions
[INFO] [stderr]     Updating crates.io index
[INFO] [stderr] error: the lock file /workspace/builds/worker-2/source/Cargo.lock needs to be updated but --locked was passed to prevent this
[INFO] [stderr] If you want to try to generate the lock file without accessing the network, use the --offline flag.
[INFO] the lockfile is outdated, regenerating it
[INFO] running `Command { std: "/workspace/cargo-home/bin/cargo" "+cfbc6d4cf1acbac5c025acf8ed68929caa551df3" "generate-lockfile" "--manifest-path" "Cargo.toml" "-Zno-index-update", kill_on_drop: false }`
[INFO] [stderr]     Blocking waiting for file lock on package cache
[INFO] running `Command { std: "/workspace/cargo-home/bin/cargo" "+cfbc6d4cf1acbac5c025acf8ed68929caa551df3" "fetch" "--locked" "--manifest-path" "Cargo.toml", kill_on_drop: false }`
[INFO] [stderr] warning: dependency (wamp_async) specified without providing a local path, Git repository, or version to use. This will be considered an error in future versions
[INFO] [stderr]     Blocking waiting for file lock on package cache
[INFO] [stderr]  Downloading crates ...
[INFO] [stderr]   Downloaded async-trait v0.1.38
[INFO] [stderr]   Downloaded smallvec v1.4.2
[INFO] [stderr]   Downloaded rmp-serde v0.14.4
[INFO] [stderr]   Downloaded tokio-tungstenite v0.11.0
[INFO] [stderr]   Downloaded tokio-native-tls v0.1.0
[INFO] [stderr]   Downloaded rmp v0.8.9
[INFO] [stderr]   Downloaded cpuid-bool v0.1.2
[INFO] [stderr]   Downloaded generic-array v0.14.4
[INFO] [stderr]   Downloaded tungstenite v0.11.1
[INFO] [stderr]   Downloaded sha-1 v0.9.1
[INFO] [stderr]   Downloaded wamp_async v0.1.0
[INFO] running `Command { std: "docker" "create" "-v" "/var/lib/crater-agent-workspace/builds/worker-2/target:/opt/rustwide/target:rw,Z" "-v" "/var/lib/crater-agent-workspace/builds/worker-2/source:/opt/rustwide/workdir:ro,Z" "-v" "/var/lib/crater-agent-workspace/cargo-home:/opt/rustwide/cargo-home:ro,Z" "-v" "/var/lib/crater-agent-workspace/rustup-home:/opt/rustwide/rustup-home:ro,Z" "-e" "SOURCE_DIR=/opt/rustwide/workdir" "-e" "CARGO_TARGET_DIR=/opt/rustwide/target" "-e" "CARGO_HOME=/opt/rustwide/cargo-home" "-e" "RUSTUP_HOME=/opt/rustwide/rustup-home" "-w" "/opt/rustwide/workdir" "-m" "1610612736" "--user" "0:0" "--network" "none" "rustops/crates-build-env@sha256:a636fd89d022f18117e1dc8fb37a0a009933cdbbe082814857f0e2024962d47c" "/opt/rustwide/cargo-home/bin/cargo" "+cfbc6d4cf1acbac5c025acf8ed68929caa551df3" "metadata" "--no-deps" "--format-version=1", kill_on_drop: false }`
[INFO] [stdout] 1204a36aa3033ccfff93c7bd123bfe3f437e7a765ece315689bd5b1727331740
[INFO] [stderr] WARNING: Your kernel does not support swap limit capabilities or the cgroup is not mounted. Memory limited without swap.
[INFO] running `Command { std: "docker" "start" "-a" "1204a36aa3033ccfff93c7bd123bfe3f437e7a765ece315689bd5b1727331740", kill_on_drop: false }`
[INFO] running `Command { std: "docker" "inspect" "1204a36aa3033ccfff93c7bd123bfe3f437e7a765ece315689bd5b1727331740", kill_on_drop: false }`
[INFO] running `Command { std: "docker" "rm" "-f" "1204a36aa3033ccfff93c7bd123bfe3f437e7a765ece315689bd5b1727331740", kill_on_drop: false }`
[INFO] [stdout] 1204a36aa3033ccfff93c7bd123bfe3f437e7a765ece315689bd5b1727331740
[INFO] running `Command { std: "docker" "create" "-v" "/var/lib/crater-agent-workspace/builds/worker-2/target:/opt/rustwide/target:rw,Z" "-v" "/var/lib/crater-agent-workspace/builds/worker-2/source:/opt/rustwide/workdir:ro,Z" "-v" "/var/lib/crater-agent-workspace/cargo-home:/opt/rustwide/cargo-home:ro,Z" "-v" "/var/lib/crater-agent-workspace/rustup-home:/opt/rustwide/rustup-home:ro,Z" "-e" "SOURCE_DIR=/opt/rustwide/workdir" "-e" "CARGO_TARGET_DIR=/opt/rustwide/target" "-e" "CARGO_INCREMENTAL=0" "-e" "RUST_BACKTRACE=full" "-e" "RUSTFLAGS=--cap-lints=forbid" "-e" "CARGO_HOME=/opt/rustwide/cargo-home" "-e" "RUSTUP_HOME=/opt/rustwide/rustup-home" "-w" "/opt/rustwide/workdir" "-m" "1610612736" "--user" "0:0" "--network" "none" "rustops/crates-build-env@sha256:a636fd89d022f18117e1dc8fb37a0a009933cdbbe082814857f0e2024962d47c" "/opt/rustwide/cargo-home/bin/cargo" "+cfbc6d4cf1acbac5c025acf8ed68929caa551df3" "check" "--frozen" "--all" "--all-targets" "--message-format=json", kill_on_drop: false }`
[INFO] [stdout] e8d779c4dff7c9e002f36e2bc8ae95d5b354ac4b00d3094eebaba9252c5903bf
[INFO] [stderr] WARNING: Your kernel does not support swap limit capabilities or the cgroup is not mounted. Memory limited without swap.
[INFO] running `Command { std: "docker" "start" "-a" "e8d779c4dff7c9e002f36e2bc8ae95d5b354ac4b00d3094eebaba9252c5903bf", kill_on_drop: false }`
[INFO] [stderr] warning: dependency (wamp_async) specified without providing a local path, Git repository, or version to use. This will be considered an error in future versions
[INFO] [stderr]     Blocking waiting for file lock on package cache
[INFO] [stderr]    Compiling libc v0.2.76
[INFO] [stderr]    Compiling proc-macro2 v1.0.19
[INFO] [stderr]    Compiling unicode-xid v0.2.1
[INFO] [stderr]     Checking cfg-if v0.1.10
[INFO] [stderr]    Compiling autocfg v1.0.1
[INFO] [stderr]    Compiling memchr v2.3.3
[INFO] [stderr]     Checking lazy_static v1.4.0
[INFO] [stderr]     Checking slab v0.4.2
[INFO] [stderr]    Compiling bitflags v1.2.1
[INFO] [stderr]    Compiling getrandom v0.1.14
[INFO] [stderr]    Compiling typenum v1.12.0
[INFO] [stderr]    Compiling serde_derive v1.0.115
[INFO] [stderr]    Compiling pin-project-internal v0.4.23
[INFO] [stderr]     Checking fnv v1.0.7
[INFO] [stderr]     Checking futures-sink v0.3.5
[INFO] [stderr]     Checking futures-core v0.3.5
[INFO] [stderr]     Checking ppv-lite86 v0.2.9
[INFO] [stderr]     Checking tinyvec v0.3.4
[INFO] [stderr]     Checking pin-utils v0.1.0
[INFO] [stderr]     Checking pin-project-lite v0.1.7
[INFO] [stderr]     Checking cpuid-bool v0.1.2
[INFO] [stderr]     Checking opaque-debug v0.3.0
[INFO] [stderr]     Checking percent-encoding v2.1.0
[INFO] [stderr]     Checking regex-syntax v0.6.18
[INFO] [stderr]     Checking scopeguard v1.1.0
[INFO] [stderr]     Checking smallvec v1.4.2
[INFO] [stderr]    Compiling generic-array v0.14.4
[INFO] [stderr]     Checking input_buffer v0.3.1
[INFO] [stderr]     Checking thread_local v1.0.1
[INFO] [stderr]     Checking http v0.2.1
[INFO] [stderr]     Checking futures-channel v0.3.5
[INFO] [stderr]     Checking log v0.4.11
[INFO] [stderr]     Checking lock_api v0.3.4
[INFO] [stderr]     Checking unicode-normalization v0.1.13
[INFO] [stderr]    Compiling openssl-sys v0.9.58
[INFO] [stderr]    Compiling num-traits v0.2.12
[INFO] [stderr]    Compiling num-integer v0.1.43
[INFO] [stderr]     Checking aho-corasick v0.7.13
[INFO] [stderr]    Compiling quote v1.0.7
[INFO] [stderr]    Compiling syn v1.0.39
[INFO] [stderr]     Checking iovec v0.1.4
[INFO] [stderr]     Checking net2 v0.2.34
[INFO] [stderr]     Checking num_cpus v1.13.0
[INFO] [stderr]     Checking rand v0.4.6
[INFO] [stderr]     Checking atty v0.2.14
[INFO] [stderr]     Checking parking_lot_core v0.7.2
[INFO] [stderr]     Checking time v0.1.43
[INFO] [stderr]     Checking idna v0.2.0
[INFO] [stderr]    Compiling openssl v0.10.30
[INFO] [stderr]    Compiling native-tls v0.2.4
[INFO] [stderr]     Checking rand_core v0.5.1
[INFO] [stderr]     Checking rmp v0.8.9
[INFO] [stderr]     Checking mio v0.6.22
[INFO] [stderr]     Checking parking_lot v0.10.2
[INFO] [stderr]     Checking rand_chacha v0.2.2
[INFO] [stderr]     Checking rand v0.7.3
[INFO] [stderr]     Checking url v2.1.1
[INFO] [stderr]     Checking rand v0.3.23
[INFO] [stderr]     Checking mio-uds v0.6.8
[INFO] [stderr]     Checking digest v0.9.0
[INFO] [stderr]     Checking block-buffer v0.9.0
[INFO] [stderr]     Checking sha-1 v0.9.1
[INFO] [stderr]     Checking regex v1.3.9
[INFO] [stderr]     Checking env_logger v0.7.1
[INFO] [stderr]     Checking tungstenite v0.11.1
[INFO] [stderr]    Compiling tokio-macros v0.2.5
[INFO] [stderr]    Compiling futures-macro v0.3.5
[INFO] [stderr]    Compiling async-trait v0.1.38
[INFO] [stderr]     Checking tokio v0.2.22
[INFO] [stderr]     Checking pin-project v0.4.23
[INFO] [stderr]     Checking futures-util v0.3.5
[INFO] [stderr]     Checking tokio-native-tls v0.1.0
[INFO] [stderr]     Checking tokio-tls v0.3.1
[INFO] [stderr]     Checking serde v1.0.115
[INFO] [stderr]     Checking futures-executor v0.3.5
[INFO] [stderr]     Checking tokio-tungstenite v0.11.0
[INFO] [stderr]     Checking futures v0.3.5
[INFO] [stderr]     Checking rmp-serde v0.14.4
[INFO] [stderr]     Checking serde_json v1.0.57
[INFO] [stderr]     Checking uuid v0.8.1
[INFO] [stderr]     Checking chrono v0.4.15
[INFO] [stderr]     Checking wamp_async v0.1.0
[INFO] [stderr]     Checking onitama v0.1.0 (/opt/rustwide/workdir)
[INFO] [stdout] error[E0599]: no function or associated item named `new` found for struct `wamp_async::ClientConfig` in the current scope
[INFO] [stdout]    --> src/main.rs:216:39
[INFO] [stdout]     |
[INFO] [stdout] 216 |             wamp_async::ClientConfig::new().set_serializers(vec![wamp_async::SerializerType::Json]),
[INFO] [stdout]     |                                       ^^^ function or associated item not found in `wamp_async::ClientConfig`
[INFO] [stdout] 
[INFO] [stdout] 
[INFO] [stdout] error[E0599]: no method named `event_loop` found for tuple `(wamp_async::Client, (std::pin::Pin<std::boxed::Box<dyn futures::Future<Output = std::result::Result<(), wamp_async::WampError>> + std::marker::Send>>, std::option::Option<tokio::sync::mpsc::UnboundedReceiver<std::pin::Pin<std::boxed::Box<(dyn futures::Future<Output = std::result::Result<(), wamp_async::WampError>> + std::marker::Send + 'static)>>>>))` in the current scope
[INFO] [stdout]    --> src/main.rs:223:10
[INFO] [stdout]     |
[INFO] [stdout] 223 |         .event_loop()
[INFO] [stdout]     |          ^^^^^^^^^^ method not found in `(wamp_async::Client, (std::pin::Pin<std::boxed::Box<dyn futures::Future<Output = std::result::Result<(), wamp_async::WampError>> + std::marker::Send>>, std::option::Option<tokio::sync::mpsc::UnboundedReceiver<std::pin::Pin<std::boxed::Box<(dyn futures::Future<Output = std::result::Result<(), wamp_async::WampError>> + std::marker::Send + 'static)>>>>))`
[INFO] [stdout] 
[INFO] [stdout] 
[INFO] [stdout] error[E0599]: no method named `join_realm` found for tuple `(wamp_async::Client, (std::pin::Pin<std::boxed::Box<dyn futures::Future<Output = std::result::Result<(), wamp_async::WampError>> + std::marker::Send>>, std::option::Option<tokio::sync::mpsc::UnboundedReceiver<std::pin::Pin<std::boxed::Box<(dyn futures::Future<Output = std::result::Result<(), wamp_async::WampError>> + std::marker::Send + 'static)>>>>))` in the current scope
[INFO] [stdout]    --> src/main.rs:269:10
[INFO] [stdout]     |
[INFO] [stdout] 269 |         .join_realm(WAMP_REALM)
[INFO] [stdout]     |          ^^^^^^^^^^ method not found in `(wamp_async::Client, (std::pin::Pin<std::boxed::Box<dyn futures::Future<Output = std::result::Result<(), wamp_async::WampError>> + std::marker::Send>>, std::option::Option<tokio::sync::mpsc::UnboundedReceiver<std::pin::Pin<std::boxed::Box<(dyn futures::Future<Output = std::result::Result<(), wamp_async::WampError>> + std::marker::Send + 'static)>>>>))`
[INFO] [stdout] 
[INFO] [stdout] 
[INFO] [stdout] error[E0599]: no method named `register` found for tuple `(wamp_async::Client, (std::pin::Pin<std::boxed::Box<dyn futures::Future<Output = std::result::Result<(), wamp_async::WampError>> + std::marker::Send>>, std::option::Option<tokio::sync::mpsc::UnboundedReceiver<std::pin::Pin<std::boxed::Box<(dyn futures::Future<Output = std::result::Result<(), wamp_async::WampError>> + std::marker::Send + 'static)>>>>))` in the current scope
[INFO] [stdout]    --> src/util.rs:57:42
[INFO] [stdout]     |
[INFO] [stdout] 57  |                           Box::pin($client.register($name, $fn))
[INFO] [stdout]     |                                            ^^^^^^^^ method not found in `(wamp_async::Client, (std::pin::Pin<std::boxed::Box<dyn futures::Future<Output = std::result::Result<(), wamp_async::WampError>> + std::marker::Send>>, std::option::Option<tokio::sync::mpsc::UnboundedReceiver<std::pin::Pin<std::boxed::Box<(dyn futures::Future<Output = std::result::Result<(), wamp_async::WampError>> + std::marker::Send + 'static)>>>>))`
[INFO] [stdout]     | 
[INFO] [stdout]    ::: src/main.rs:274:5
[INFO] [stdout]     |
[INFO] [stdout] 274 | /     rpc_register!(client, {
[INFO] [stdout] 275 | |         "ontm.new_game" => server::make_game,
[INFO] [stdout] 276 | |         "ontm.move" => server::make_move,
[INFO] [stdout] 277 | |         "ontm.join" => server::join_game,
[INFO] [stdout] ...   |
[INFO] [stdout] 280 | |         "ontm.resign" => server::resign_game,
[INFO] [stdout] 281 | |     })
[INFO] [stdout]     | |______- in this macro invocation
[INFO] [stdout]     |
[INFO] [stdout]     = note: this error originates in a macro (in Nightly builds, run with -Z macro-backtrace for more info)
[INFO] [stdout] 
[INFO] [stdout] 
[INFO] [stdout] error[E0599]: no function or associated item named `new` found for struct `wamp_async::ClientConfig` in the current scope
[INFO] [stdout]    --> src/main.rs:216:39
[INFO] [stdout]     |
[INFO] [stdout] 216 |             wamp_async::ClientConfig::new().set_serializers(vec![wamp_async::SerializerType::Json]),
[INFO] [stdout]     |                                       ^^^ function or associated item not found in `wamp_async::ClientConfig`
[INFO] [stdout] 
[INFO] [stdout] 
[INFO] [stdout] error[E0599]: no method named `publish` found for tuple `(wamp_async::Client, (std::pin::Pin<std::boxed::Box<dyn futures::Future<Output = std::result::Result<(), wamp_async::WampError>> + std::marker::Send>>, std::option::Option<tokio::sync::mpsc::UnboundedReceiver<std::pin::Pin<std::boxed::Box<(dyn futures::Future<Output = std::result::Result<(), wamp_async::WampError>> + std::marker::Send + 'static)>>>>))` in the current scope
[INFO] [stdout]    --> src/main.rs:291:14
[INFO] [stdout]     |
[INFO] [stdout] 291 |             .publish(msg.topic, msg.args, msg.kwargs, false)
[INFO] [stdout]     |              ^^^^^^^ method not found in `(wamp_async::Client, (std::pin::Pin<std::boxed::Box<dyn futures::Future<Output = std::result::Result<(), wamp_async::WampError>> + std::marker::Send>>, std::option::Option<tokio::sync::mpsc::UnboundedReceiver<std::pin::Pin<std::boxed::Box<(dyn futures::Future<Output = std::result::Result<(), wamp_async::WampError>> + std::marker::Send + 'static)>>>>))`
[INFO] [stdout] 
[INFO] [stdout] 
[INFO] [stdout] error[E0599]: no method named `event_loop` found for tuple `(wamp_async::Client, (std::pin::Pin<std::boxed::Box<dyn futures::Future<Output = std::result::Result<(), wamp_async::WampError>> + std::marker::Send>>, std::option::Option<tokio::sync::mpsc::UnboundedReceiver<std::pin::Pin<std::boxed::Box<(dyn futures::Future<Output = std::result::Result<(), wamp_async::WampError>> + std::marker::Send + 'static)>>>>))` in the current scope
[INFO] [stdout]    --> src/main.rs:223:10
[INFO] [stdout]     |
[INFO] [stdout] 223 |         .event_loop()
[INFO] [stdout]     |          ^^^^^^^^^^ method not found in `(wamp_async::Client, (std::pin::Pin<std::boxed::Box<dyn futures::Future<Output = std::result::Result<(), wamp_async::WampError>> + std::marker::Send>>, std::option::Option<tokio::sync::mpsc::UnboundedReceiver<std::pin::Pin<std::boxed::Box<(dyn futures::Future<Output = std::result::Result<(), wamp_async::WampError>> + std::marker::Send + 'static)>>>>))`
[INFO] [stdout] 
[INFO] [stdout] 
[INFO] [stdout] error[E0599]: no method named `join_realm` found for tuple `(wamp_async::Client, (std::pin::Pin<std::boxed::Box<dyn futures::Future<Output = std::result::Result<(), wamp_async::WampError>> + std::marker::Send>>, std::option::Option<tokio::sync::mpsc::UnboundedReceiver<std::pin::Pin<std::boxed::Box<(dyn futures::Future<Output = std::result::Result<(), wamp_async::WampError>> + std::marker::Send + 'static)>>>>))` in the current scope
[INFO] [stdout]    --> src/main.rs:269:10
[INFO] [stdout]     |
[INFO] [stdout] 269 |         .join_realm(WAMP_REALM)
[INFO] [stdout]     |          ^^^^^^^^^^ method not found in `(wamp_async::Client, (std::pin::Pin<std::boxed::Box<dyn futures::Future<Output = std::result::Result<(), wamp_async::WampError>> + std::marker::Send>>, std::option::Option<tokio::sync::mpsc::UnboundedReceiver<std::pin::Pin<std::boxed::Box<(dyn futures::Future<Output = std::result::Result<(), wamp_async::WampError>> + std::marker::Send + 'static)>>>>))`
[INFO] [stdout] 
[INFO] [stdout] 
[INFO] [stdout] error[E0599]: no method named `register` found for tuple `(wamp_async::Client, (std::pin::Pin<std::boxed::Box<dyn futures::Future<Output = std::result::Result<(), wamp_async::WampError>> + std::marker::Send>>, std::option::Option<tokio::sync::mpsc::UnboundedReceiver<std::pin::Pin<std::boxed::Box<(dyn futures::Future<Output = std::result::Result<(), wamp_async::WampError>> + std::marker::Send + 'static)>>>>))` in the current scope
[INFO] [stdout]    --> src/util.rs:57:42
[INFO] [stdout]     |
[INFO] [stdout] 57  |                           Box::pin($client.register($name, $fn))
[INFO] [stdout]     |                                            ^^^^^^^^ method not found in `(wamp_async::Client, (std::pin::Pin<std::boxed::Box<dyn futures::Future<Output = std::result::Result<(), wamp_async::WampError>> + std::marker::Send>>, std::option::Option<tokio::sync::mpsc::UnboundedReceiver<std::pin::Pin<std::boxed::Box<(dyn futures::Future<Output = std::result::Result<(), wamp_async::WampError>> + std::marker::Send + 'static)>>>>))`
[INFO] [stdout]     | 
[INFO] [stdout]    ::: src/main.rs:274:5
[INFO] [stdout]     |
[INFO] [stdout] 274 | /     rpc_register!(client, {
[INFO] [stdout] 275 | |         "ontm.new_game" => server::make_game,
[INFO] [stdout] 276 | |         "ontm.move" => server::make_move,
[INFO] [stdout] 277 | |         "ontm.join" => server::join_game,
[INFO] [stdout] ...   |
[INFO] [stdout] 280 | |         "ontm.resign" => server::resign_game,
[INFO] [stdout] 281 | |     })
[INFO] [stdout]     | |______- in this macro invocation
[INFO] [stdout]     |
[INFO] [stdout]     = note: this error originates in a macro (in Nightly builds, run with -Z macro-backtrace for more info)
[INFO] [stdout] 
[INFO] [stdout] 
[INFO] [stdout] error[E0599]: no method named `publish` found for tuple `(wamp_async::Client, (std::pin::Pin<std::boxed::Box<dyn futures::Future<Output = std::result::Result<(), wamp_async::WampError>> + std::marker::Send>>, std::option::Option<tokio::sync::mpsc::UnboundedReceiver<std::pin::Pin<std::boxed::Box<(dyn futures::Future<Output = std::result::Result<(), wamp_async::WampError>> + std::marker::Send + 'static)>>>>))` in the current scope
[INFO] [stdout]    --> src/main.rs:291:14
[INFO] [stdout]     |
[INFO] [stdout] 291 |             .publish(msg.topic, msg.args, msg.kwargs, false)
[INFO] [stdout]     |              ^^^^^^^ method not found in `(wamp_async::Client, (std::pin::Pin<std::boxed::Box<dyn futures::Future<Output = std::result::Result<(), wamp_async::WampError>> + std::marker::Send>>, std::option::Option<tokio::sync::mpsc::UnboundedReceiver<std::pin::Pin<std::boxed::Box<(dyn futures::Future<Output = std::result::Result<(), wamp_async::WampError>> + std::marker::Send + 'static)>>>>))`
[INFO] [stdout] 
[INFO] [stdout] 
[INFO] [stdout] error: aborting due to 5 previous errors
[INFO] [stdout] 
[INFO] [stdout] 
[INFO] [stdout] For more information about this error, try `rustc --explain E0599`.
[INFO] [stdout] 
[INFO] [stderr] error: could not compile `onitama`.
[INFO] [stderr] 
[INFO] [stderr] To learn more, run the command again with --verbose.
[INFO] [stderr] warning: build failed, waiting for other jobs to finish...
[INFO] [stdout] error: aborting due to 5 previous errors
[INFO] [stdout] 
[INFO] [stdout] 
[INFO] [stdout] For more information about this error, try `rustc --explain E0599`.
[INFO] [stdout] 
[INFO] [stderr] error: build failed
[INFO] running `Command { std: "docker" "inspect" "e8d779c4dff7c9e002f36e2bc8ae95d5b354ac4b00d3094eebaba9252c5903bf", kill_on_drop: false }`
[INFO] running `Command { std: "docker" "rm" "-f" "e8d779c4dff7c9e002f36e2bc8ae95d5b354ac4b00d3094eebaba9252c5903bf", kill_on_drop: false }`
[INFO] [stdout] e8d779c4dff7c9e002f36e2bc8ae95d5b354ac4b00d3094eebaba9252c5903bf
